{"id":11,"date":"2022-02-20T13:27:33","date_gmt":"2022-02-20T12:27:33","guid":{"rendered":"http:\/\/hoptech.simafoto.cz\/?page_id=11"},"modified":"2022-05-27T08:18:26","modified_gmt":"2022-05-27T06:18:26","slug":"sluzby","status":"publish","type":"page","link":"https:\/\/hoptech.cz\/index.php\/sluzby\/","title":{"rendered":"Produkty"},"content":{"rendered":"\nngg_shortcode_0_placeholder\n\n\n\n<h2 class=\"wp-block-heading\" id=\"komponenty\">CNC obr\u00e1b\u011bn\u00ed, kovov\u00fdroba<\/h2>\n\n\n\n<p>&#8211; &nbsp; &nbsp;kovov\u00fdroba na CNC stroj\u00edch,soustru\u017een\u00ed,fr\u00e9zov\u00e1n\u00ed,brou\u0161en\u00ed,laserov\u00e9 vypalov\u00e1n\u00ed<br>&#8211; &nbsp; &nbsp;obr\u00e1b\u011bn\u00ed v\u0161ech dostupn\u00fdch materi\u00e1l\u016f (nerez ocel, hlin\u00edkov\u00e9 slitiny, plasty atd.)&nbsp;&nbsp;<br>&#8211; &nbsp; &nbsp;konstruk\u010dn\u00ed \u010dinnosti dle po\u017eadavku z\u00e1kazn\u00edka<\/p>\n\n\n\n<p>Prezentace d\u00edly ve form\u011b PDF: <a href=\"http:\/\/hoptech.cz\/wp-content\/uploads\/2022\/04\/Prezentace-dily.pdf\" target=\"_blank\" rel=\"noreferrer noopener\"> <img loading=\"lazy\" decoding=\"async\" width=\"61\" height=\"62\" class=\"wp-image-453\" src=\"http:\/\/hoptech.cz\/wp-content\/uploads\/2022\/04\/pdf-logo.jpg\" alt=\"\" srcset=\"https:\/\/hoptech.cz\/wp-content\/uploads\/2022\/04\/pdf-logo.jpg 518w, https:\/\/hoptech.cz\/wp-content\/uploads\/2022\/04\/pdf-logo-150x150.jpg 150w, https:\/\/hoptech.cz\/wp-content\/uploads\/2022\/04\/pdf-logo-292x300.jpg 292w\" sizes=\"auto, (max-width: 61px) 100vw, 61px\" \/><\/a><br>(soubor st\u00e1hnete kliknut\u00edm na ikonu)<\/p>\n","protected":false},"excerpt":{"rendered":"<p>CNC obr\u00e1b\u011bn\u00ed, kovov\u00fdroba &#8211; &nbsp; &nbsp;kovov\u00fdroba na CNC stroj\u00edch,soustru\u017een\u00ed,fr\u00e9zov\u00e1n\u00ed,brou\u0161en\u00ed,laserov\u00e9 vypalov\u00e1n\u00ed&#8211; &nbsp; &nbsp;obr\u00e1b\u011bn\u00ed v\u0161ech dostupn\u00fdch materi\u00e1l\u016f (nerez ocel, hlin\u00edkov\u00e9 slitiny, plasty atd.)&nbsp;&nbsp;&#8211; &nbsp; &nbsp;konstruk\u010dn\u00ed \u010dinnosti dle po\u017eadavku z\u00e1kazn\u00edka Prezentace d\u00edly ve&hellip;<a href=\"https:\/\/hoptech.cz\/index.php\/sluzby\/\" class=\"more-link\"><span class=\"more-button\">Continue reading<span class=\"screen-reader-text\">Produkty<\/span><\/span><\/a><\/p>\n","protected":false},"author":1,"featured_media":0,"parent":0,"menu_order":2,"comment_status":"closed","ping_status":"closed","template":"","meta":{"_monsterinsights_skip_tracking":false,"_monsterinsights_sitenote_active":false,"_monsterinsights_sitenote_note":"","_monsterinsights_sitenote_category":0,"ngg_post_thumbnail":0,"footnotes":""},"class_list":["post-11","page","type-page","status-publish","hentry"],"aioseo_notices":[],"_links":{"self":[{"href":"https:\/\/hoptech.cz\/index.php\/wp-json\/wp\/v2\/pages\/11","targetHints":{"allow":["GET"]}}],"collection":[{"href":"https:\/\/hoptech.cz\/index.php\/wp-json\/wp\/v2\/pages"}],"about":[{"href":"https:\/\/hoptech.cz\/index.php\/wp-json\/wp\/v2\/types\/page"}],"author":[{"embeddable":true,"href":"https:\/\/hoptech.cz\/index.php\/wp-json\/wp\/v2\/users\/1"}],"replies":[{"embeddable":true,"href":"https:\/\/hoptech.cz\/index.php\/wp-json\/wp\/v2\/comments?post=11"}],"version-history":[{"count":6,"href":"https:\/\/hoptech.cz\/index.php\/wp-json\/wp\/v2\/pages\/11\/revisions"}],"predecessor-version":[{"id":749,"href":"https:\/\/hoptech.cz\/index.php\/wp-json\/wp\/v2\/pages\/11\/revisions\/749"}],"wp:attachment":[{"href":"https:\/\/hoptech.cz\/index.php\/wp-json\/wp\/v2\/media?parent=11"}],"curies":[{"name":"wp","href":"https:\/\/api.w.org\/{rel}","templated":true}]}}