{"id":7,"date":"2022-02-20T13:26:19","date_gmt":"2022-02-20T12:26:19","guid":{"rendered":"http:\/\/hoptech.simafoto.cz\/?page_id=7"},"modified":"2022-06-01T09:01:10","modified_gmt":"2022-06-01T07:01:10","slug":"uvod","status":"publish","type":"page","link":"https:\/\/hoptech.cz\/","title":{"rendered":"\u00davod"},"content":{"rendered":"\n<p>Vyv\u00edj\u00edme a vyr\u00e1b\u00edme jedno\u00fa\u010delov\u00e9 stroje, kontroln\u00ed stanice , p\u0159\u00edpadn\u011b zmodernizujeme va\u0161e st\u00e1vaj\u00edc\u00ed v\u00fdrobn\u00ed za\u0159\u00edzen\u00ed. Soust\u0159ed\u00edme se na \u00fazkou spolupr\u00e1ci s\u00a0na\u0161imi z\u00e1kazn\u00edky a dr\u017e\u00edme vysok\u00fd servis level.\u00a0<br>Integrujeme syst\u00e9my pro vizu\u00e1ln\u00ed 2D a\u00a03D inspekci a\u00a0strojov\u00e9 vid\u011bn\u00ed. Dod\u00e1v\u00e1me sofistikovan\u00e1 robotick\u00e1 \u0159e\u0161en\u00ed, d\u00edky nim je mo\u017en\u00e9 u\u0161et\u0159it zna\u010dn\u00e9 n\u00e1klady.<\/p>\n\n\n\n<p>Poskytujeme slu\u017eby v oblasti konstrukce, navrhujeme a vyrob\u00edme p\u0159\u00edpravky i jednotliv\u00e9 komponenty.&nbsp;<\/p>\n\n\n\n<p>Na\u0161imi <a href=\"http:\/\/hoptech.simafoto.cz\/reference\/\">z\u00e1kazn\u00edky<\/a>&nbsp;jsou jak v\u00fdznamn\u00e9 dom\u00e1c\u00ed i zahrani\u010dn\u00ed firmy, zejm\u00e9na z&nbsp;oblasti&nbsp;zpracovatelsk\u00e9ho pr\u016fmyslu.<\/p>\n\n\n\n<div class=\"wp-block-columns is-layout-flex wp-container-core-columns-is-layout-9d6595d7 wp-block-columns-is-layout-flex\">\n<div class=\"wp-block-column is-layout-flow wp-block-column-is-layout-flow\">\n<figure class=\"wp-block-image size-large\"><img decoding=\"async\" src=\"http:\/\/hoptech.simafoto.cz\/wp-content\/uploads\/2022\/05\/robot-sikmo-944x1024.jpg\" alt=\"\" class=\"wp-image-513\"\/><\/figure>\n<\/div>\n\n\n\n<div class=\"wp-block-column is-layout-flow wp-block-column-is-layout-flow\">\n<figure class=\"wp-block-image size-large\"><img decoding=\"async\" src=\"http:\/\/hoptech.simafoto.cz\/wp-content\/uploads\/2022\/05\/pripravek-edit-944x1024.jpg\" alt=\"\" class=\"wp-image-514\"\/><\/figure>\n<\/div>\n\n\n\n<div class=\"wp-block-column is-layout-flow wp-block-column-is-layout-flow\">\n<figure class=\"wp-block-image size-large\"><img decoding=\"async\" src=\"http:\/\/hoptech.simafoto.cz\/wp-content\/uploads\/2022\/03\/IMG_1673-944x1024.jpg\" alt=\"\" class=\"wp-image-338\"\/><\/figure>\n<\/div>\n<\/div>\n\n\n\n<div class=\"wp-block-group\"><div class=\"wp-block-group__inner-container is-layout-flow wp-block-group-is-layout-flow\">\n<div class=\"wp-block-group\"><div class=\"wp-block-group__inner-container is-layout-flow wp-block-group-is-layout-flow\">\n<div class=\"wp-block-columns is-layout-flex wp-container-core-columns-is-layout-9d6595d7 wp-block-columns-is-layout-flex\">\n<div class=\"wp-block-column is-layout-flow wp-block-column-is-layout-flow\" style=\"flex-basis:100%\"><\/div>\n<\/div>\n<\/div><\/div>\n<\/div><\/div>\n\n\n\n<p><\/p>\n","protected":false},"excerpt":{"rendered":"<p>Vyv\u00edj\u00edme a vyr\u00e1b\u00edme jedno\u00fa\u010delov\u00e9 stroje, kontroln\u00ed stanice , p\u0159\u00edpadn\u011b zmodernizujeme va\u0161e st\u00e1vaj\u00edc\u00ed v\u00fdrobn\u00ed za\u0159\u00edzen\u00ed. Soust\u0159ed\u00edme se na \u00fazkou spolupr\u00e1ci s\u00a0na\u0161imi z\u00e1kazn\u00edky a dr\u017e\u00edme vysok\u00fd servis level.\u00a0Integrujeme syst\u00e9my pro vizu\u00e1ln\u00ed 2D&hellip;<a href=\"https:\/\/hoptech.cz\/\" class=\"more-link\"><span class=\"more-button\">Continue reading<span class=\"screen-reader-text\">\u00davod<\/span><\/span><\/a><\/p>\n","protected":false},"author":1,"featured_media":0,"parent":0,"menu_order":0,"comment_status":"closed","ping_status":"closed","template":"","meta":{"_monsterinsights_skip_tracking":false,"_monsterinsights_sitenote_active":false,"_monsterinsights_sitenote_note":"","_monsterinsights_sitenote_category":0,"ngg_post_thumbnail":0,"footnotes":""},"class_list":["post-7","page","type-page","status-publish","hentry"],"aioseo_notices":[],"_links":{"self":[{"href":"https:\/\/hoptech.cz\/index.php\/wp-json\/wp\/v2\/pages\/7","targetHints":{"allow":["GET"]}}],"collection":[{"href":"https:\/\/hoptech.cz\/index.php\/wp-json\/wp\/v2\/pages"}],"about":[{"href":"https:\/\/hoptech.cz\/index.php\/wp-json\/wp\/v2\/types\/page"}],"author":[{"embeddable":true,"href":"https:\/\/hoptech.cz\/index.php\/wp-json\/wp\/v2\/users\/1"}],"replies":[{"embeddable":true,"href":"https:\/\/hoptech.cz\/index.php\/wp-json\/wp\/v2\/comments?post=7"}],"version-history":[{"count":2,"href":"https:\/\/hoptech.cz\/index.php\/wp-json\/wp\/v2\/pages\/7\/revisions"}],"predecessor-version":[{"id":750,"href":"https:\/\/hoptech.cz\/index.php\/wp-json\/wp\/v2\/pages\/7\/revisions\/750"}],"wp:attachment":[{"href":"https:\/\/hoptech.cz\/index.php\/wp-json\/wp\/v2\/media?parent=7"}],"curies":[{"name":"wp","href":"https:\/\/api.w.org\/{rel}","templated":true}]}}