{"id":786,"date":"2024-04-24T10:02:01","date_gmt":"2024-04-24T08:02:01","guid":{"rendered":"https:\/\/hoptech.cz\/?page_id=786"},"modified":"2024-04-24T13:23:32","modified_gmt":"2024-04-24T11:23:32","slug":"de","status":"publish","type":"page","link":"https:\/\/hoptech.cz\/index.php\/de\/","title":{"rendered":"DE"},"content":{"rendered":"\n<p>Wir entwickeln und fertigen Einzweckmaschinen, Leitst\u00e4nde, oder r\u00fcsten Ihre bestehenden Produktionsanlagen auf. Wir setzen auf eine enge Zusammenarbeit mit unseren Kunden und halten ein hohes Serviceniveau.<\/p>\n\n\n\n<p>Wir integrieren Systeme f\u00fcr die 2D- und 3D-Sichtpr\u00fcfung und die industrielle Bildverarbeitung. Wir liefern hochentwickelte Roboterl\u00f6sungen, mit denen sich erhebliche Kosten einsparen lassen.<\/p>\n\n\n\n<p>Wir bieten Konstruktionsdienstleistungen, entwerfen und fertigen Vorrichtungen und individuelle Komponenten.&nbsp;<\/p>\n\n\n\n<p>Unsere Kunden sind sowohl gro\u00dfe in- als auch ausl\u00e4ndische Unternehmen, insbesondere aus der Fertigungsindustrie.<\/p>\n\n\n\n<h2 class=\"wp-block-heading\">Produktionslinien<\/h2>\n\n\n\n<p>Wir haben uns auf die Entwicklung, Konstruktion und Herstellung von Einzweckmaschinen und automatisierten Produktionslinien spezialisiert, die nirgendwo auf der Welt in Massenproduktion hergestellt werden. Unsere Maschinen werden f\u00fcr verschiedene Fertigungsverfahren wie Montage, Pressen, Pr\u00fcfen, Messen, Formen, Inspektion oder elektrische Pr\u00fcfung eingesetzt. Wir f\u00fchren auch Upgrades und Optimierungen von bestehenden Anlagen durch. Wir arbeiten mit Siemens-Steuerungssystemen. Wir legen gr\u00f6\u00dften Wert auf Zuverl\u00e4ssigkeit, wozu auch die Tatsache beitr\u00e4gt, dass wir in unseren Maschinen nur hochwertige und bew\u00e4hrte Komponenten f\u00fchrender in- und ausl\u00e4ndischer Hersteller (BALUFF, FESTO, HIWIN, KEYENCE, LENZE, LINTECH, RAVEO, SICK, SIEMENS, SMC) einsetzen.<\/p>\n\n\n\n<h2 class=\"wp-block-heading\">Design und Entwicklung<\/h2>\n\n\n\n<p>Eigenes CAD-Studio<\/p>\n\n\n\n<div class=\"wp-block-image\"><figure class=\"alignright size-full is-resized\"><img loading=\"lazy\" decoding=\"async\" src=\"http:\/\/hoptech.cz\/wp-content\/uploads\/2022\/03\/C.png\" alt=\"\" class=\"wp-image-329\" width=\"415\" height=\"320\" srcset=\"https:\/\/hoptech.cz\/wp-content\/uploads\/2022\/03\/C.png 829w, https:\/\/hoptech.cz\/wp-content\/uploads\/2022\/03\/C-300x231.png 300w, https:\/\/hoptech.cz\/wp-content\/uploads\/2022\/03\/C-768x592.png 768w\" sizes=\"auto, (max-width: 415px) 100vw, 415px\" \/><\/figure><\/div>\n\n\n\n<p>Ihnen fehlt ein Ersatzteil und es ist nicht mehr auf dem Markt?<br>Die Lieferzeiten sind zu lang?<br>Sie verf\u00fcgen nicht \u00fcber die notwendigen Zeichnungsunterlagen?<br>3D parametrische Volumenmodellierung: 3D PDF Publishing (3D PDF-Ausgabe)<br>Erstellung von 2D- und 3D-Zeichnungen in einem Programm, das nicht nur mit AutoCAD kompatibel ist<br>Ausgabeformate ( STEP, IGES, SAT, STL, DWG, DXF, etc&#8230; )<\/p>\n\n\n\n<p>Wir messen, zeichnen und produzieren vom Entwurf bis zur Montage in Ihrem Unternehmen. Wir bieten einen schnellen Service und gew\u00e4hrleisten eine prompte Lieferung, einschlie\u00dflich des Transports zu Ihrem Unternehmen. Wenn Sie an der Erstellung von 2D- und 3D-Zeichnungen interessiert sind, sind wir mit allen heute bekannten Formaten voll kompatibel.<\/p>\n\n\n\n<p>F\u00fcr Messungen verwenden wir haupts\u00e4chlich pr\u00e4zise digitale Messger\u00e4te von Mitutoyo<\/p>\n\n\n\n<h2 class=\"wp-block-heading\">Datenerfassung, Online-Produktions\u00fcberwachung<\/h2>\n\n\n\n<p>Eine Gruppe von Anwendungen zur Visualisierung und \u00dcberwachung von Daten \u00fcber Produktionsmaschinen und -anlagen. Das System erm\u00f6glicht die Erfassung von Daten aus verschiedenen Datenquellen, die dann in zentralen Datenbest\u00e4nden (in der Regel Datenbanken) gespeichert werden. Die \u00dcberwachungssysteme sind als Client-Server-Architektur konzipiert, die eine Datenvalidierung, Bereichspr\u00fcfung, Definition von Wertabh\u00e4ngigkeiten und die Verarbeitung automatisierter und geplanter Aufgaben erm\u00f6glicht.<\/p>\n\n\n\n<h2 class=\"wp-block-heading\">Robotisierung<\/h2>\n\n\n\n<p>Die Integration von Industrierobotern in die Fertigungsprozesse ist ein zunehmend verbreitetes Ph\u00e4nomen. Die zunehmende Vielseitigkeit und die sinkenden Kosten von Robotern erm\u00f6glichen bereits jetzt ihren Einsatz in einem immer breiteren Spektrum von T\u00e4tigkeiten, bei denen die Anschaffung einer gro\u00dfen Anzahl von Einzweckmaschinen weder effizient noch realistisch ist. Die M\u00f6glichkeiten f\u00fcr den Einsatz von Robotern erweitern sich dadurch erheblich.<\/p>\n\n\n\n<p>Wir k\u00f6nnen Ihnen einen Roboter liefern, der die Bewegungsabl\u00e4ufe eines menschlichen Arbeiters exakt imitiert und sie ohne Unterbrechung wiederholt. Dank dieser Unerm\u00fcdlichkeit der Industrieroboter k\u00f6nnen die Unternehmen ihre Produktion bei minimalem Ausschuss erheblich steigern. Ein verst\u00e4rkter Einsatz von Robotern k\u00f6nnte somit den Personalmangel, unter dem unsere Industrie leidet, verringern.<\/p>\n\n\n\n<h2 class=\"wp-block-heading\">Service und Beratung<\/h2>\n\n\n\n<p>Selbstverst\u00e4ndlich bieten wir Garantie und Kundendienst f\u00fcr die von uns gelieferten Waren sowie f\u00fcr \u00e4hnliche Systeme anderer Hersteller.<\/p>\n\n\n\n<p>CNC-Bearbeitung, Metallverarbeitung<br>&#8211; Metallbearbeitung auf CNC-Maschinen, Drehen, Fr\u00e4sen, Schleifen, Laserbrennen<br>&#8211; Bearbeitung aller verf\u00fcgbaren Materialien (Edelstahl, Aluminiumlegierungen, Kunststoffe usw.)&nbsp;<br>&#8211; Konstruktionsarbeiten nach Kundenw\u00fcnschen<\/p>\n\n\n\n<p>Reference<\/p>\n\n\n\n<p>Wir sind stolze Partner von Unternehmen und kooperieren mit<\/p>\n","protected":false},"excerpt":{"rendered":"<p>Wir entwickeln und fertigen Einzweckmaschinen, Leitst\u00e4nde, oder r\u00fcsten Ihre bestehenden Produktionsanlagen auf. Wir setzen auf eine enge Zusammenarbeit mit unseren Kunden und halten ein hohes Serviceniveau. Wir integrieren Systeme f\u00fcr&hellip;<a href=\"https:\/\/hoptech.cz\/index.php\/de\/\" class=\"more-link\"><span class=\"more-button\">Continue reading<span class=\"screen-reader-text\">DE<\/span><\/span><\/a><\/p>\n","protected":false},"author":1,"featured_media":0,"parent":0,"menu_order":0,"comment_status":"closed","ping_status":"closed","template":"","meta":{"_monsterinsights_skip_tracking":false,"_monsterinsights_sitenote_active":false,"_monsterinsights_sitenote_note":"","_monsterinsights_sitenote_category":0,"ngg_post_thumbnail":0,"footnotes":""},"class_list":["post-786","page","type-page","status-publish","hentry"],"aioseo_notices":[],"_links":{"self":[{"href":"https:\/\/hoptech.cz\/index.php\/wp-json\/wp\/v2\/pages\/786","targetHints":{"allow":["GET"]}}],"collection":[{"href":"https:\/\/hoptech.cz\/index.php\/wp-json\/wp\/v2\/pages"}],"about":[{"href":"https:\/\/hoptech.cz\/index.php\/wp-json\/wp\/v2\/types\/page"}],"author":[{"embeddable":true,"href":"https:\/\/hoptech.cz\/index.php\/wp-json\/wp\/v2\/users\/1"}],"replies":[{"embeddable":true,"href":"https:\/\/hoptech.cz\/index.php\/wp-json\/wp\/v2\/comments?post=786"}],"version-history":[{"count":7,"href":"https:\/\/hoptech.cz\/index.php\/wp-json\/wp\/v2\/pages\/786\/revisions"}],"predecessor-version":[{"id":809,"href":"https:\/\/hoptech.cz\/index.php\/wp-json\/wp\/v2\/pages\/786\/revisions\/809"}],"wp:attachment":[{"href":"https:\/\/hoptech.cz\/index.php\/wp-json\/wp\/v2\/media?parent=786"}],"curies":[{"name":"wp","href":"https:\/\/api.w.org\/{rel}","templated":true}]}}