{"id":9,"date":"2022-02-20T13:26:54","date_gmt":"2022-02-20T12:26:54","guid":{"rendered":"http:\/\/hoptech.simafoto.cz\/?page_id=9"},"modified":"2025-10-10T09:14:34","modified_gmt":"2025-10-10T07:14:34","slug":"kontakt","status":"publish","type":"page","link":"https:\/\/hoptech.cz\/index.php\/kontakt\/","title":{"rendered":"Kontakt"},"content":{"rendered":"\n<div class=\"wp-block-columns is-layout-flex wp-container-core-columns-is-layout-9d6595d7 wp-block-columns-is-layout-flex\">\n<div class=\"wp-block-column is-layout-flow wp-block-column-is-layout-flow\">\n<p><strong>HOP Tech s.r.o<\/strong><br>\u0160r\u00e1mkova 365, <br>373 44, Zliv<\/p>\n\n\n\n<p>I\u010c:&nbsp;28103416&nbsp;<br>DI\u010c: CZ28103416&nbsp;<\/p>\n<\/div>\n\n\n\n<div class=\"wp-block-column is-layout-flow wp-block-column-is-layout-flow\">\n<p>Obchod a v\u00fdroba<br><strong>Miroslav Blecha<\/strong><br>+420 775 099 581<br><a href=\"mailto:blecha@hoptech.cz\">blecha@hoptech.cz<\/a><\/p>\n\n\n\n<p><\/p>\n\n\n\n<p><\/p>\n<\/div>\n\n\n\n<div class=\"wp-block-column is-layout-flow wp-block-column-is-layout-flow\">\n<p>Servis<br><strong>Franti\u0161ek \u0160\u00edma<\/strong><br>+420 604 376 182 <br><a href=\"mailto:sima@hoptech.cz\">sima@hoptech.cz<\/a><br><br>Provozovna<br><a href=\"mailto:info@hoptech.cz\">info@hoptech.cz<\/a><\/p>\n<\/div>\n\n\n\n<div class=\"wp-block-column is-layout-flow wp-block-column-is-layout-flow\">\n<p>HR Bussines Manager<br><strong>Ing. Kamila Blechov\u00e1<\/strong><br>+420 776 359 050<br><a href=\"mailto:info@hoptech.cz\">info@hoptech.cz<\/a><\/p>\n<\/div>\n<\/div>\n\n\n\n<iframe src=\"https:\/\/www.google.com\/maps\/embed?pb=!1m18!1m12!1m3!1d244.21370845308653!2d14.372448816448369!3d49.069146531851224!2m3!1f0!2f0!3f0!3m2!1i1024!2i768!4f13.1!3m3!1m2!1s0x47735465955e9f27%3A0x6723eb49c19654c4!2zxaByw6Fta292YSAzNjUsIDM3MyA0NCBabGl2!5e0!3m2!1scs!2scz!4v1646815349268!5m2!1scs!2scz\" width=\"400\" height=\"300\" style=\"border:0;\" allowfullscreen=\"\" loading=\"lazy\"><\/iframe>\n\n\n\n<p class=\"has-text-align-center\">Spole\u010dnost je zaps\u00e1na v obchodn\u00edm rejst\u0159\u00edku veden\u00e9m u Krajsk\u00e9ho soudu v \u010cesk\u00fdch Bud\u011bjovic\u00edch, odd\u00edl C, vlo\u017eka 17370.<\/p>\n\n\n\n<p> &nbsp; &nbsp; &nbsp; &nbsp; &nbsp; &nbsp; &nbsp; &nbsp; &nbsp; &nbsp; &nbsp; &nbsp; &nbsp; &nbsp; &nbsp; &nbsp; &nbsp; &nbsp; &nbsp; &nbsp; &nbsp; &nbsp; &nbsp; &nbsp; &nbsp; &nbsp; &nbsp; &nbsp; &nbsp; &nbsp; &nbsp; &nbsp; &nbsp; &nbsp; &nbsp;<\/p>\n","protected":false},"excerpt":{"rendered":"<p>HOP Tech s.r.o\u0160r\u00e1mkova 365, 373 44, Zliv I\u010c:&nbsp;28103416&nbsp;DI\u010c: CZ28103416&nbsp; Obchod a v\u00fdrobaMiroslav Blecha+420 775 099 581blecha@hoptech.cz ServisFranti\u0161ek \u0160\u00edma+420 604 376 182 sima@hoptech.cz Provozovnainfo@hoptech.cz HR Bussines ManagerIng. Kamila Blechov\u00e1+420 776 359&hellip;<a href=\"https:\/\/hoptech.cz\/index.php\/kontakt\/\" class=\"more-link\"><span class=\"more-button\">Continue reading<span class=\"screen-reader-text\">Kontakt<\/span><\/span><\/a><\/p>\n","protected":false},"author":1,"featured_media":0,"parent":0,"menu_order":5,"comment_status":"closed","ping_status":"closed","template":"","meta":{"_monsterinsights_skip_tracking":false,"_monsterinsights_sitenote_active":false,"_monsterinsights_sitenote_note":"","_monsterinsights_sitenote_category":0,"ngg_post_thumbnail":0,"footnotes":""},"class_list":["post-9","page","type-page","status-publish","hentry"],"aioseo_notices":[],"_links":{"self":[{"href":"https:\/\/hoptech.cz\/index.php\/wp-json\/wp\/v2\/pages\/9","targetHints":{"allow":["GET"]}}],"collection":[{"href":"https:\/\/hoptech.cz\/index.php\/wp-json\/wp\/v2\/pages"}],"about":[{"href":"https:\/\/hoptech.cz\/index.php\/wp-json\/wp\/v2\/types\/page"}],"author":[{"embeddable":true,"href":"https:\/\/hoptech.cz\/index.php\/wp-json\/wp\/v2\/users\/1"}],"replies":[{"embeddable":true,"href":"https:\/\/hoptech.cz\/index.php\/wp-json\/wp\/v2\/comments?post=9"}],"version-history":[{"count":4,"href":"https:\/\/hoptech.cz\/index.php\/wp-json\/wp\/v2\/pages\/9\/revisions"}],"predecessor-version":[{"id":858,"href":"https:\/\/hoptech.cz\/index.php\/wp-json\/wp\/v2\/pages\/9\/revisions\/858"}],"wp:attachment":[{"href":"https:\/\/hoptech.cz\/index.php\/wp-json\/wp\/v2\/media?parent=9"}],"curies":[{"name":"wp","href":"https:\/\/api.w.org\/{rel}","templated":true}]}}